{"id":1670,"date":"2022-02-07T13:22:26","date_gmt":"2022-02-07T12:22:26","guid":{"rendered":"https:\/\/cphilarioneslava.educacion.navarra.es\/web\/?page_id=1670"},"modified":"2024-10-30T13:06:52","modified_gmt":"2024-10-30T12:06:52","slug":"historia-del-cpeip-hilarion-eslava","status":"publish","type":"page","link":"https:\/\/cphilarioneslava.educacion.navarra.es\/web\/historia-del-cpeip-hilarion-eslava\/","title":{"rendered":"Historia"},"content":{"rendered":"\n<div class=\"wp-container-1 wp-block-group\"><div class=\"wp-block-group__inner-container\">\n<div class=\"wp-block-media-text alignwide has-media-on-the-right is-stacked-on-mobile\" style=\"grid-template-columns:auto 15%\"><figure class=\"wp-block-media-text__media\"><img loading=\"lazy\" width=\"180\" height=\"312\" src=\"https:\/\/cphilarioneslava.educacion.navarra.es\/web\/wp-content\/uploads\/2024\/10\/Escudo-del-Colegio-Burlada.jpg\" alt=\"\" class=\"wp-image-3091 size-full\" srcset=\"https:\/\/cphilarioneslava.educacion.navarra.es\/web\/wp-content\/uploads\/2024\/10\/Escudo-del-Colegio-Burlada.jpg 180w, https:\/\/cphilarioneslava.educacion.navarra.es\/web\/wp-content\/uploads\/2024\/10\/Escudo-del-Colegio-Burlada-173x300.jpg 173w\" sizes=\"(max-width: 180px) 100vw, 180px\" \/><\/figure><div class=\"wp-block-media-text__content\">\n<p class=\"has-medium-font-size\">La historia del CPEIP Hilari\u00f3n es la historia de la ense\u00f1anza P\u00fablica en Burlada<\/p>\n<\/div><\/div>\n<\/div><\/div>\n\n\n\n<p>El d\u00eda 7 de julio de 1809, la Cofrad\u00eda de San Juan Bautista acord\u00f3 poner un maestro de primeras letras en Burlada. La escuela, que a la vez fue vivienda del maestro, se situ\u00f3 en la calle San Juan, en un edificio cedido por dicha cofrad\u00eda. En ella se formaron y educaron muchas generaciones de Burladeses y Burladesas.<\/p>\n\n\n\n<figure class=\"wp-block-image size-large\"><img loading=\"lazy\" width=\"1024\" height=\"695\" src=\"https:\/\/cphilarioneslava.educacion.navarra.es\/web\/wp-content\/uploads\/2022\/02\/01-Calle-San-Juan-3-1024x695.jpg\" alt=\"\" class=\"wp-image-1671\" srcset=\"https:\/\/cphilarioneslava.educacion.navarra.es\/web\/wp-content\/uploads\/2022\/02\/01-Calle-San-Juan-3-1024x695.jpg 1024w, https:\/\/cphilarioneslava.educacion.navarra.es\/web\/wp-content\/uploads\/2022\/02\/01-Calle-San-Juan-3-300x204.jpg 300w, https:\/\/cphilarioneslava.educacion.navarra.es\/web\/wp-content\/uploads\/2022\/02\/01-Calle-San-Juan-3-768x521.jpg 768w, https:\/\/cphilarioneslava.educacion.navarra.es\/web\/wp-content\/uploads\/2022\/02\/01-Calle-San-Juan-3-1536x1043.jpg 1536w, https:\/\/cphilarioneslava.educacion.navarra.es\/web\/wp-content\/uploads\/2022\/02\/01-Calle-San-Juan-3-2048x1390.jpg 2048w\" sizes=\"(max-width: 1024px) 100vw, 1024px\" \/><figcaption><sup>Escuela de primeras letras en la Calle San Juan<\/sup><\/figcaption><\/figure>\n\n\n\n<p>Tras varios requerimientos para construir una nueva escuela ya que con el paso del tiempo no reun\u00eda las condiciones de espacio, higi\u00e9nicas ni pedag\u00f3gicas, en el a\u00f1o 1954 se inaugurr\u00f3 la nueva escuela en el Camino de la Ermita, un edificio con una nave central y 2 torres a cada lado.<\/p>\n\n\n\n<figure class=\"wp-block-image size-large\"><img loading=\"lazy\" width=\"1024\" height=\"717\" src=\"https:\/\/cphilarioneslava.educacion.navarra.es\/web\/wp-content\/uploads\/2022\/02\/02-Calle-Ermita-1-1024x717.jpg\" alt=\"\" class=\"wp-image-1676\" srcset=\"https:\/\/cphilarioneslava.educacion.navarra.es\/web\/wp-content\/uploads\/2022\/02\/02-Calle-Ermita-1-1024x717.jpg 1024w, https:\/\/cphilarioneslava.educacion.navarra.es\/web\/wp-content\/uploads\/2022\/02\/02-Calle-Ermita-1-300x210.jpg 300w, https:\/\/cphilarioneslava.educacion.navarra.es\/web\/wp-content\/uploads\/2022\/02\/02-Calle-Ermita-1-768x538.jpg 768w, https:\/\/cphilarioneslava.educacion.navarra.es\/web\/wp-content\/uploads\/2022\/02\/02-Calle-Ermita-1-1536x1076.jpg 1536w, https:\/\/cphilarioneslava.educacion.navarra.es\/web\/wp-content\/uploads\/2022\/02\/02-Calle-Ermita-1-2048x1435.jpg 2048w\" sizes=\"(max-width: 1024px) 100vw, 1024px\" \/><figcaption><sup>Antiguas escuelas en la calle de la Ermita<\/sup><\/figcaption><\/figure>\n\n\n\n<p>Este edificio pronto se qued\u00f3 peque\u00f1o ya que en la d\u00e9cada de los 60 se produjo un espectacular aumento de la poblaci\u00f3n de Burlada.<\/p>\n\n\n\n<p>En 1968 el Ayuntamiento habilit\u00f3 un edificio de 4 plantas en la calle San Juan y en 1970 una entreplanta en la calle Villa de Lanz. Ambos utilizaban como patio de recreo la calle. Tambi\u00e9n en 1970 se firm\u00f3 un contrato con las RR Madres de la Caridad del buen Pastor de Angers por el que \u00e9stas ced\u00edan 4 aulas en su edificio de \u201cPlaya de Burlada\u201d y \u201cCarretera de Villava\u201d (actual calle Mayor 45).<\/p>\n\n\n\n<p>En 1974 se decidi\u00f3 derribar las escuelas de la Ermita que se estaban cayendo y la construcci\u00f3n en el mismo lugar de un nuevo edificio.<\/p>\n\n\n\n<p>Durante los dos a\u00f1os que dur\u00f3 la construcci\u00f3n se trajeron a Burlada ocho barracones que perduran en la memoria de Burlada como las Escuelas Prefabricadas.<\/p>\n\n\n\n<figure class=\"wp-block-image size-large is-resized\"><img loading=\"lazy\" src=\"https:\/\/cphilarioneslava.educacion.navarra.es\/web\/wp-content\/uploads\/2022\/02\/03-Prefabricadas-1-1024x532.jpg\" alt=\"\" class=\"wp-image-1677\" width=\"840\" height=\"436\" srcset=\"https:\/\/cphilarioneslava.educacion.navarra.es\/web\/wp-content\/uploads\/2022\/02\/03-Prefabricadas-1-1024x532.jpg 1024w, https:\/\/cphilarioneslava.educacion.navarra.es\/web\/wp-content\/uploads\/2022\/02\/03-Prefabricadas-1-300x156.jpg 300w, https:\/\/cphilarioneslava.educacion.navarra.es\/web\/wp-content\/uploads\/2022\/02\/03-Prefabricadas-1-768x399.jpg 768w, https:\/\/cphilarioneslava.educacion.navarra.es\/web\/wp-content\/uploads\/2022\/02\/03-Prefabricadas-1-1536x798.jpg 1536w, https:\/\/cphilarioneslava.educacion.navarra.es\/web\/wp-content\/uploads\/2022\/02\/03-Prefabricadas-1-2048x1064.jpg 2048w, https:\/\/cphilarioneslava.educacion.navarra.es\/web\/wp-content\/uploads\/2022\/02\/03-Prefabricadas-1-348x180.jpg 348w\" sizes=\"(max-width: 840px) 100vw, 840px\" \/><figcaption><sup>Escuelas Prefabricadas<\/sup><\/figcaption><\/figure>\n\n\n\n<p>Con el nuevo edificio de la calle de la Ermita, el Colegio P\u00fablico Hilari\u00f3n Eslava ten\u00eda m\u00e1s de 1500 alumnos y 45 maestras y maestros repartidos en 5 edificios distintos. Todos ellos excepto el de la Ermita en p\u00e9simas condiciones.<\/p>\n\n\n\n<figure class=\"wp-block-image size-large\"><img loading=\"lazy\" width=\"1024\" height=\"536\" src=\"https:\/\/cphilarioneslava.educacion.navarra.es\/web\/wp-content\/uploads\/2022\/02\/04-Ermita-1-1024x536.jpg\" alt=\"\" class=\"wp-image-1678\" srcset=\"https:\/\/cphilarioneslava.educacion.navarra.es\/web\/wp-content\/uploads\/2022\/02\/04-Ermita-1-1024x536.jpg 1024w, https:\/\/cphilarioneslava.educacion.navarra.es\/web\/wp-content\/uploads\/2022\/02\/04-Ermita-1-300x157.jpg 300w, https:\/\/cphilarioneslava.educacion.navarra.es\/web\/wp-content\/uploads\/2022\/02\/04-Ermita-1-768x402.jpg 768w, https:\/\/cphilarioneslava.educacion.navarra.es\/web\/wp-content\/uploads\/2022\/02\/04-Ermita-1-1536x804.jpg 1536w, https:\/\/cphilarioneslava.educacion.navarra.es\/web\/wp-content\/uploads\/2022\/02\/04-Ermita-1-2048x1072.jpg 2048w\" sizes=\"(max-width: 1024px) 100vw, 1024px\" \/><figcaption><sup>Colegio P\u00fablico Hilari\u00f3n Eslava en la calle de la Ermita<\/sup><\/figcaption><\/figure>\n\n\n\n<p>Hasta el curso 1982-83 se siguieron utilizando los edificios de la calle San Juan, de Villa de Lanz y el Buen Pastor.<\/p>\n\n\n\n<p>En 1982-83 se comenz\u00f3 a usar el Colegio P\u00fablico Askatasuna-Libertad cuyo profesorado sali\u00f3 del Colegio P\u00fablico Hilari\u00f3n Eslava. Desaparecieron los pisos de la calle San Juan y la entreplanta de Villa de Lanz pero siguieron us\u00e1ndose las Escuelas Prefabricadas.<\/p>\n\n\n\n<p>En 1987-88 entr\u00f3 en funcionamiento el actual edificio del Paseo de la Paz y el Colegio P\u00fablico Hilari\u00f3n Eslava ocup\u00f3 este edificio y el de la Ermita.<\/p>\n\n\n\n<figure class=\"wp-block-image size-large\"><img loading=\"lazy\" width=\"1024\" height=\"910\" src=\"https:\/\/cphilarioneslava.educacion.navarra.es\/web\/wp-content\/uploads\/2022\/02\/05-Paseo-La-Paz-1024x910.jpg\" alt=\"\" class=\"wp-image-1674\" srcset=\"https:\/\/cphilarioneslava.educacion.navarra.es\/web\/wp-content\/uploads\/2022\/02\/05-Paseo-La-Paz-1024x910.jpg 1024w, https:\/\/cphilarioneslava.educacion.navarra.es\/web\/wp-content\/uploads\/2022\/02\/05-Paseo-La-Paz-300x266.jpg 300w, https:\/\/cphilarioneslava.educacion.navarra.es\/web\/wp-content\/uploads\/2022\/02\/05-Paseo-La-Paz-768x682.jpg 768w, https:\/\/cphilarioneslava.educacion.navarra.es\/web\/wp-content\/uploads\/2022\/02\/05-Paseo-La-Paz-1536x1364.jpg 1536w, https:\/\/cphilarioneslava.educacion.navarra.es\/web\/wp-content\/uploads\/2022\/02\/05-Paseo-La-Paz-2048x1819.jpg 2048w\" sizes=\"(max-width: 1024px) 100vw, 1024px\" \/><figcaption><sup>Colegio P\u00fablico Hilari\u00f3n Eslava en el Paseo de la Paz<\/sup><\/figcaption><\/figure>\n\n\n\n<p>En 1995 el Departamento de Educaci\u00f3n remodel\u00f3 el mapa escolar. El Colegio P\u00fablico Hilari\u00f3n Eslava abandon\u00f3 el edificio de la calle de la Ermita y desapareci\u00f3 el Colegio P\u00fablico Askatasuna-Libertad integr\u00e1ndose en el Colegio P\u00fablico Hilari\u00f3n Eslava del Paseo de la Paz.<\/p>\n\n\n\n<p><\/p>\n\n\n\n<p style=\"font-style:italic;font-weight:100\"><sup><strong>Bibliograf\u00eda e im\u00e1genes:<\/strong> \u00abBurlada Siglo XX. Vivencias, recuerdos y fotograf\u00edas\u00bb. Autores: Javier Medarde, Juan Luis Santesteban y Francisco Jamar. Editor: Ayuntamiento de Burlada.<\/sup><\/p>\n","protected":false},"excerpt":{"rendered":"<p>La historia del CPEIP Hilari\u00f3n es la historia de la ense\u00f1anza P\u00fablica en Burlada El d\u00eda 7 de julio de 1809, la Cofrad\u00eda de San Juan Bautista acord\u00f3 poner un maestro de primeras letras en Burlada. La escuela, que a la vez fue vivienda del maestro, se situ\u00f3 en la calle San Juan, en un [&hellip;]<\/p>\n","protected":false},"author":1,"featured_media":0,"parent":0,"menu_order":0,"comment_status":"closed","ping_status":"closed","template":"","meta":{"_genesis_hide_title":false,"_genesis_hide_breadcrumbs":false,"_genesis_hide_singular_image":false,"_genesis_hide_footer_widgets":false,"_genesis_custom_body_class":"","_genesis_custom_post_class":"","_genesis_layout":""},"_links":{"self":[{"href":"https:\/\/cphilarioneslava.educacion.navarra.es\/web\/wp-json\/wp\/v2\/pages\/1670"}],"collection":[{"href":"https:\/\/cphilarioneslava.educacion.navarra.es\/web\/wp-json\/wp\/v2\/pages"}],"about":[{"href":"https:\/\/cphilarioneslava.educacion.navarra.es\/web\/wp-json\/wp\/v2\/types\/page"}],"author":[{"embeddable":true,"href":"https:\/\/cphilarioneslava.educacion.navarra.es\/web\/wp-json\/wp\/v2\/users\/1"}],"replies":[{"embeddable":true,"href":"https:\/\/cphilarioneslava.educacion.navarra.es\/web\/wp-json\/wp\/v2\/comments?post=1670"}],"version-history":[{"count":10,"href":"https:\/\/cphilarioneslava.educacion.navarra.es\/web\/wp-json\/wp\/v2\/pages\/1670\/revisions"}],"predecessor-version":[{"id":3092,"href":"https:\/\/cphilarioneslava.educacion.navarra.es\/web\/wp-json\/wp\/v2\/pages\/1670\/revisions\/3092"}],"wp:attachment":[{"href":"https:\/\/cphilarioneslava.educacion.navarra.es\/web\/wp-json\/wp\/v2\/media?parent=1670"}],"curies":[{"name":"wp","href":"https:\/\/api.w.org\/{rel}","templated":true}]}}

<div class="wp-container-1 wp-block-group"><div class="wp-block-group__inner-container">
<div class="wp-block-media-text alignwide has-media-on-the-right is-stacked-on-mobile" style="grid-template-columns:auto 15%"><figure class="wp-block-media-text__media"><img loading="lazy" width="180" height="312" src="https://cphilarioneslava.educacion.navarra.es/web/wp-content/uploads/2024/10/Escudo-del-Colegio-Burlada.jpg" alt="" class="wp-image-3091 size-full" srcset="https://cphilarioneslava.educacion.navarra.es/web/wp-content/uploads/2024/10/Escudo-del-Colegio-Burlada.jpg 180w, https://cphilarioneslava.educacion.navarra.es/web/wp-content/uploads/2024/10/Escudo-del-Colegio-Burlada-173x300.jpg 173w" sizes="(max-width: 180px) 100vw, 180px" /></figure><div class="wp-block-media-text__content">
<p class="has-medium-font-size">La historia del CPEIP Hilarión es la historia de la enseñanza Pública en Burlada</p>
</div></div>
</div></div>



<p>El día 7 de julio de 1809, la Cofradía de San Juan Bautista acordó poner un maestro de primeras letras en Burlada. La escuela, que a la vez fue vivienda del maestro, se situó en la calle San Juan, en un edificio cedido por dicha cofradía. En ella se formaron y educaron muchas generaciones de Burladeses y Burladesas.</p>



<figure class="wp-block-image size-large"><img loading="lazy" width="1024" height="695" src="https://cphilarioneslava.educacion.navarra.es/web/wp-content/uploads/2022/02/01-Calle-San-Juan-3-1024x695.jpg" alt="" class="wp-image-1671" srcset="https://cphilarioneslava.educacion.navarra.es/web/wp-content/uploads/2022/02/01-Calle-San-Juan-3-1024x695.jpg 1024w, https://cphilarioneslava.educacion.navarra.es/web/wp-content/uploads/2022/02/01-Calle-San-Juan-3-300x204.jpg 300w, https://cphilarioneslava.educacion.navarra.es/web/wp-content/uploads/2022/02/01-Calle-San-Juan-3-768x521.jpg 768w, https://cphilarioneslava.educacion.navarra.es/web/wp-content/uploads/2022/02/01-Calle-San-Juan-3-1536x1043.jpg 1536w, https://cphilarioneslava.educacion.navarra.es/web/wp-content/uploads/2022/02/01-Calle-San-Juan-3-2048x1390.jpg 2048w" sizes="(max-width: 1024px) 100vw, 1024px" /><figcaption><sup>Escuela de primeras letras en la Calle San Juan</sup></figcaption></figure>



<p>Tras varios requerimientos para construir una nueva escuela ya que con el paso del tiempo no reunía las condiciones de espacio, higiénicas ni pedagógicas, en el año 1954 se inaugurró la nueva escuela en el Camino de la Ermita, un edificio con una nave central y 2 torres a cada lado.</p>



<figure class="wp-block-image size-large"><img loading="lazy" width="1024" height="717" src="https://cphilarioneslava.educacion.navarra.es/web/wp-content/uploads/2022/02/02-Calle-Ermita-1-1024x717.jpg" alt="" class="wp-image-1676" srcset="https://cphilarioneslava.educacion.navarra.es/web/wp-content/uploads/2022/02/02-Calle-Ermita-1-1024x717.jpg 1024w, https://cphilarioneslava.educacion.navarra.es/web/wp-content/uploads/2022/02/02-Calle-Ermita-1-300x210.jpg 300w, https://cphilarioneslava.educacion.navarra.es/web/wp-content/uploads/2022/02/02-Calle-Ermita-1-768x538.jpg 768w, https://cphilarioneslava.educacion.navarra.es/web/wp-content/uploads/2022/02/02-Calle-Ermita-1-1536x1076.jpg 1536w, https://cphilarioneslava.educacion.navarra.es/web/wp-content/uploads/2022/02/02-Calle-Ermita-1-2048x1435.jpg 2048w" sizes="(max-width: 1024px) 100vw, 1024px" /><figcaption><sup>Antiguas escuelas en la calle de la Ermita</sup></figcaption></figure>



<p>Este edificio pronto se quedó pequeño ya que en la década de los 60 se produjo un espectacular aumento de la población de Burlada.</p>



<p>En 1968 el Ayuntamiento habilitó un edificio de 4 plantas en la calle San Juan y en 1970 una entreplanta en la calle Villa de Lanz. Ambos utilizaban como patio de recreo la calle. También en 1970 se firmó un contrato con las RR Madres de la Caridad del buen Pastor de Angers por el que éstas cedían 4 aulas en su edificio de “Playa de Burlada” y “Carretera de Villava” (actual calle Mayor 45).</p>



<p>En 1974 se decidió derribar las escuelas de la Ermita que se estaban cayendo y la construcción en el mismo lugar de un nuevo edificio.</p>



<p>Durante los dos años que duró la construcción se trajeron a Burlada ocho barracones que perduran en la memoria de Burlada como las Escuelas Prefabricadas.</p>



<figure class="wp-block-image size-large is-resized"><img loading="lazy" src="https://cphilarioneslava.educacion.navarra.es/web/wp-content/uploads/2022/02/03-Prefabricadas-1-1024x532.jpg" alt="" class="wp-image-1677" width="840" height="436" srcset="https://cphilarioneslava.educacion.navarra.es/web/wp-content/uploads/2022/02/03-Prefabricadas-1-1024x532.jpg 1024w, https://cphilarioneslava.educacion.navarra.es/web/wp-content/uploads/2022/02/03-Prefabricadas-1-300x156.jpg 300w, https://cphilarioneslava.educacion.navarra.es/web/wp-content/uploads/2022/02/03-Prefabricadas-1-768x399.jpg 768w, https://cphilarioneslava.educacion.navarra.es/web/wp-content/uploads/2022/02/03-Prefabricadas-1-1536x798.jpg 1536w, https://cphilarioneslava.educacion.navarra.es/web/wp-content/uploads/2022/02/03-Prefabricadas-1-2048x1064.jpg 2048w, https://cphilarioneslava.educacion.navarra.es/web/wp-content/uploads/2022/02/03-Prefabricadas-1-348x180.jpg 348w" sizes="(max-width: 840px) 100vw, 840px" /><figcaption><sup>Escuelas Prefabricadas</sup></figcaption></figure>



<p>Con el nuevo edificio de la calle de la Ermita, el Colegio Público Hilarión Eslava tenía más de 1500 alumnos y 45 maestras y maestros repartidos en 5 edificios distintos. Todos ellos excepto el de la Ermita en pésimas condiciones.</p>



<figure class="wp-block-image size-large"><img loading="lazy" width="1024" height="536" src="https://cphilarioneslava.educacion.navarra.es/web/wp-content/uploads/2022/02/04-Ermita-1-1024x536.jpg" alt="" class="wp-image-1678" srcset="https://cphilarioneslava.educacion.navarra.es/web/wp-content/uploads/2022/02/04-Ermita-1-1024x536.jpg 1024w, https://cphilarioneslava.educacion.navarra.es/web/wp-content/uploads/2022/02/04-Ermita-1-300x157.jpg 300w, https://cphilarioneslava.educacion.navarra.es/web/wp-content/uploads/2022/02/04-Ermita-1-768x402.jpg 768w, https://cphilarioneslava.educacion.navarra.es/web/wp-content/uploads/2022/02/04-Ermita-1-1536x804.jpg 1536w, https://cphilarioneslava.educacion.navarra.es/web/wp-content/uploads/2022/02/04-Ermita-1-2048x1072.jpg 2048w" sizes="(max-width: 1024px) 100vw, 1024px" /><figcaption><sup>Colegio Público Hilarión Eslava en la calle de la Ermita</sup></figcaption></figure>



<p>Hasta el curso 1982-83 se siguieron utilizando los edificios de la calle San Juan, de Villa de Lanz y el Buen Pastor.</p>



<p>En 1982-83 se comenzó a usar el Colegio Público Askatasuna-Libertad cuyo profesorado salió del Colegio Público Hilarión Eslava. Desaparecieron los pisos de la calle San Juan y la entreplanta de Villa de Lanz pero siguieron usándose las Escuelas Prefabricadas.</p>



<p>En 1987-88 entró en funcionamiento el actual edificio del Paseo de la Paz y el Colegio Público Hilarión Eslava ocupó este edificio y el de la Ermita.</p>



<figure class="wp-block-image size-large"><img loading="lazy" width="1024" height="910" src="https://cphilarioneslava.educacion.navarra.es/web/wp-content/uploads/2022/02/05-Paseo-La-Paz-1024x910.jpg" alt="" class="wp-image-1674" srcset="https://cphilarioneslava.educacion.navarra.es/web/wp-content/uploads/2022/02/05-Paseo-La-Paz-1024x910.jpg 1024w, https://cphilarioneslava.educacion.navarra.es/web/wp-content/uploads/2022/02/05-Paseo-La-Paz-300x266.jpg 300w, https://cphilarioneslava.educacion.navarra.es/web/wp-content/uploads/2022/02/05-Paseo-La-Paz-768x682.jpg 768w, https://cphilarioneslava.educacion.navarra.es/web/wp-content/uploads/2022/02/05-Paseo-La-Paz-1536x1364.jpg 1536w, https://cphilarioneslava.educacion.navarra.es/web/wp-content/uploads/2022/02/05-Paseo-La-Paz-2048x1819.jpg 2048w" sizes="(max-width: 1024px) 100vw, 1024px" /><figcaption><sup>Colegio Público Hilarión Eslava en el Paseo de la Paz</sup></figcaption></figure>



<p>En 1995 el Departamento de Educación remodeló el mapa escolar. El Colegio Público Hilarión Eslava abandonó el edificio de la calle de la Ermita y desapareció el Colegio Público Askatasuna-Libertad integrándose en el Colegio Público Hilarión Eslava del Paseo de la Paz.</p>



<p></p>



<p style="font-style:italic;font-weight:100"><sup><strong>Bibliografía e imágenes:</strong> «Burlada Siglo XX. Vivencias, recuerdos y fotografías». Autores: Javier Medarde, Juan Luis Santesteban y Francisco Jamar. Editor: Ayuntamiento de Burlada.</sup></p>

<p>La historia del CPEIP Hilarión es la historia de la enseñanza Pública en Burlada El día 7 de julio de 1809, la Cofradía de San Juan Bautista acordó poner un maestro de primeras letras en Burlada. La escuela, que a la vez fue vivienda del maestro, se situó en la calle San Juan, en un [&hellip;]</p>
